 (-19 - 10).
11
-5 + (-6 - (-2 + 16)) + -18 + 24
-19
Evaluate -1 + 2 + (-1 - 8) + (-8300 - -8330).
22
46 + (-29 - (5 + -16)) + -2 + 4
30
(-13 - -14 - (-9 - -1)) + (102 - 129)
-18
Calculate 0 + -1 + 4 + -28 - -10.
-15
Calculate 13 + 13 - (36 + -19).
9
What is -8 - -1 - (-17 + (-8 - (0 - 3)))?
15
Evaluate 7 + (-2 - -3) + 223 + -220.
11
-16 + (-16 - -12) + (-3 - -1 - -3)
-19
Calculate -19 + (-4 - -10) - (-23 + 5).
5
5 + 32 + -74 + 5
-32
What is the value of -6 + -5 + -1 + 12 - (6 - 0)?
-6
Calculate (2 + (0 - -3) - (-190 - -188)) + 10.
17
What is the value of 5 + (13 - (-6 + 11)) + 3?
16
What is -13 + -21 + 46 + (1 - -2)?
15
Calculate -255 + 253 - (1 - -9).
-12
What is the value of 0 - 0 - (-1 + 2) - (2447 + -2446)?
-2
What is the value of -1 + 5 + -5 + -5 - -4?
-2
Evaluate 25 + (15 - 49) + -12.
-21
(11 - 3) + -26 - -10
-8
What is the value of 29 - ((18 - (-6 + 22)) + (0 - 3))?
30
What is (2 + 0 - (-1 + 3)) + -388 + 378?
-10
-5 + 14 + -4 - (7 - -6)
-8
Evaluate (-2 - 0 - -18) + 16 + -31 + 12.
13
Evaluate 20 - (-16 + 18 + 11).
7
9 - ((4 - 1) + 7 + -1 + -7)
7
What is the value of -3 + 3 - 0 - (-10 + 31 + -10)?
-11
What is 3 + (7 - 9) + -16 + 1 + -6?
-20
What is the value of -13 + (-11 - -21) + 5?
2
4 - -1 - 8 - (-3 + -9 + -4)
13
Evaluate -11 - ((-9 - -15) + -3 + -11).
-3
What is 12 + (1 - 7) + (7 - 1 - -2)?
14
Calculate (1 - (-32 - -3)) + (116 - 112).
34
What is the value of 0 - (-21 + 19 + -22)?
24
-4 + 6 + 22 + -14 + -6 + 1
5
What is -13 + 3 - -3 - (0 + (-9 - -4))?
-2
Evaluate (23 - (26 - (-4 - -19))) + 22.
34
44 - (-3 + 4) - (-6 + 17 + 0)
32
Evaluate (3 - -3) + -4 + 10 - (-1 + 3).
10
2 - (10 + (-2 - -4)) - (780 + -777)
-13
Evaluate 1 - (5 + 6 + -3 - 6).
-1
What is the value of 33 + (31 - 61) - (0 + 2 - -14)?
-13
Calculate (-1 - 2) + (16 - 40) + 24.
-3
(4 - (0 - 3)) + -183 + 178 - 7
-5
What is 0 - 43 - 0 - (-25 - (1 + -15))?
-32
(-1 + -5 - -5 - 0) + (-9 - -8)
-2
What is the value of 3 + -20 + 7 + (4 - 0) - 4?
-10
What is 7 - (-47 + 26 + 38)?
-10
2 + (38 + -10 - 32)
-2
What is the value of 42 - 1 - ((-41 - -23) + 28)?
31
What is the value of -1 + 20 - (-7 + -9 + 12)?
23
14 + 2 - (51 + -21)
-14
What is the value of -19 + 30 + -2 + 1 - 17?
-7
(1 + -4 - (27 + 1 + -46)) + 1
16
What is (19 + -19 - -19) + -15?
4
What is 23 + 15 - 26 - (8 + 1)?
3
What is 20 + (-6 - (0 + -1 + -2))?
17
Calculate 65 - (-1 + (-3 - -48)).
21
What is (-8 - -12) + (-24 - -11) + 12?
3
Calculate (11 - 20) + (-1 - -1) + 1.
-8
Calculate -10 - -18 - (-4 + 7).
5
What is -15 - (-5 + (-1 - -7) + 2 + -7)?
-11
-6 - (-2 + -11) - 1 - 22
-16
What is the value of (7 - (14 - 4)) + 1 + 7?
5
-3 + 12 - (12 - (3 - -6))
6
Calculate 4 - (19 + -21) - 2.
4
((4 - 37) + 11 - -9) + 9 - 7
-11
Evaluate (1 - (-1 + 0 + 2)) + (20 - 24).
-4
What is the value of 23 + (-14 - -32 - 17)?
24
-14 - (-24 - (30 - 15 - 11))
14
What is the value of 2 - (11 + 8 + -7)?
-10
Calculate -7 - (25 + -14 - 6).
-12
Calculate (10 - (-2 + 3 - 4)) + 183 + -185.
11
What is -13 - -16 - (5 - (-3 - -13) - 12)?
20
-30 - -35 - ((0 - 0) + 12)
-7
11 - (7 - (-17 - -2))
-11
What is -19 - ((1 + -8 - -2) + 7 - 8)?
-13
Calculate 2 + 1 + (-18 - -30) + -6.
9
What is -2 + (4 + 2 - 1) + -7?
-4
Calculate (-26 - -21 - (2 - -1 - 4)) + 3.
-1
Evaluate 1 + 4 + 0 + (6 - 8) - -5.
8
What is -1 - ((-9 - (-9 - 0)) + -24 + 10)?
13
(-1 - -1 - ((2 - 5) + 8)) + 0
-5
What is the value of -32 - -68 - 49 - 11?
-24
What is (2 - 23) + -19 - -27?
-13
What is the value of (-1 + 6 - 5) + 2?
2
What is the value of -2 + -2 + (-2 - -8) + (-21 - -9)?
-10
Evaluate 7 + 1 - ((-4 - 3) + 19).
-4
What is 12 + 10 + -22 - 11?
-11
What is -12 + (32 - 29) - (6 - 22)?
7
What is the value of -34 - (10 + -21) - (1 + -1)?
-23
What is the value of 5 + (14 - -3) + (0 - 34)?
-12
Calculate -1 - ((-34 - -49) + (-8 - (-4 - -7))).
-5
Evaluate -2 - (-4 + 7) - (6 + (3 - 9)).
-5
(10 - (5 + -5)) + -9 + -6
-5
-30 + -28 + 41 - -6
-11
What is (-264 - -260) + 17 + -6 + 2?
9
What is the value of -55 + 53 - (2 - (2 - -1) - -3)?
-4
Evaluate (25 - 17 - (1 + 5)) + -12 + 4.
-6
Evaluate 8 + 10 + -8 - 1.
9
Evaluate (79 - -5) + -53 + (0 - -4).
35
29 + -9 - (2 - -6) - (-1 - 0)
13
Calculate 3 + -2 + -2 + (-3 - (-10 + 17)).
-11
What is 0 + -16 - (664 - 665)?
-15
19 + -3 - (-6 - (-7 - 8))
7
17 - ((-13 - -52) + -20)
-2
What is the value of -30 - (0 + (0 - (9 - 0))) - 5?
-26
Calculate 25 + -6 + -22 + 13.
10
11 - (-2 - (-32 + 22))
3
What is the value of 0 + (-31 - -19 - (-5 + 0)) - 5?
-12
(32 + -19 - 12) + 20
21
Evaluate 1 + (3 - 4) + 3 - (9 - 3).
-3
Evaluate (5 - 3) + -189 + 170.
-17
Calculate -1 + 2 + 0 + -64 + 56.
-7
What is -28 + 6 - (-91 - -68)?
1
(8 + -6 - (-8 + 0)) + -5 + 6
11
Evaluate (1 - 5) + 2 + (-2 - 4) + 2.
-6
Evaluate -3 + 1 + (60 - 47).
11
(2 - (2 - 4)) + -27 + 8
-15
Evaluate 0 + -18 - (130 - 154).
6
-1 + 0 + -3 - (-70 - -55)
11
-1 - (-7 - -18 - (6 - 5))
-11
7 + -36 + 13 + 31
15
Calculate -6 - (6 - 9 - (7 + -2)).
2
Evaluate -11 + 3 - (3 + -6 - (-5 - -5)).
-5
(-9 - (9 + -5)) + (28 - 3)
12
What is the value of (-43 - (-11 + -29)) + 2 + 8 + -1?
6
Calculate -15 + -36 + (61 - -5).
15
Calculate -16 - (-15 + -1 + 0 - -8).
-8
What is (-26 - -4) + -121 + 140?
-3
What is -7 - 13 - -26 - 31?
-25
(1 - -10) + -10 + -7
-6
What is -21 + -3 + 33 - 3?
6
What is 6 + (16 - 9) + 3?
16
11 + -16 + -2 + -1 + -8 + 4
-12
What is -30 + -1 - (22 - (-2 - -40))?
-15
What is (12 + -7 - 20) + 3?
-12
What is the value of (-6 - 3 - (-19 - -42)) + (-1 - 0)?
-33
What is -9 + (8 - -5 - 7) + 11?
8
Evaluate 1 + -4 + -1 + -149 + 170.
17
-24 + -67 + 90 + (-1 - 0)
-2
Evaluate 0 - (-5 - -6 - 24).
23
(-1 - 1) + -48 + 49 - -2 - -9
10
Calculate -7 - (11 + (-9 - (7 - (-5 - -17)))).
-14
Calculate -36 + 11 + (3 - -1).
-21
What is the value of 1 + 3 + (-5 - (-1 + 1))?
-1
What is the value of 18 - (33 - (-1 + 40))?
24
1 - (-2 + -4) - (-21 + 3 - -16)
9
What is -8 + 7 + -9 + 1 - -8?
-1
Calculate -1 + (13 - 12) + -3.
-3
(-670 - -686) + 2 + 0 + 2 + 0
20
Calculate 0 + (-9 + 1 + 1 - -8) - 17.
-16
-5 + -14 + -5 + 15
-9
Calculate -16 + -5 + (1 - (-4 - -1)) - -4.
-13
Evaluate 2 - (23 + 16 + -8).
-29
Evaluate -14 - (-16 - (-10 - -9)).
1
60 + -14 - 39 - (1 - 27) - 5
28
What is -1 + -2 - (23 - 27 - 15)?
16
9 + -10 + (0 - 14 - -12)
-3
Evaluate -5 - (-1 - ((-5 - -6 - -3) + -5)).
-5
What is the value of -60 + 59 + 22 + 13?
34
Evaluate 6 + 7 + -14 + 11.
10
What is (4 + 1 - 1) + -4 - (7 + 10)?
-17
What is the value of -9 - (-30 + 36 + -2 + (2 - 0))?
-15
What is (-8 - -1) + -2 - (153 + -156) - -12?
6
Calculate -2 - (-19 + 7 - -16).
-6
0 - 0 - (-107 + 117)
-10
What is the value of -29 - (12 + (-72 - -11))?
20
Calculate -55 + (-28 - -21) + 40.
-22
What is 6 - (7 + -15 + (-7 - -15) + 22)?
-16
Calculate 1 + 3 + -11 + 29.
22
What is the value of 5 - ((-15 - (-5 + 10 + -10)) + 0)?
15
Calculate (106 - 98) + (-9 - 1) + -12.
-14
What is the value of 1 - (6 + (-4 - 3))?
2
-15 + -2 + 44 + -11 + 14
30
23 + 1 + -4 + 3 + -4 + -7
12
What is (-28 + 0 - -56) + -56?
-28
Evaluate 3 + 6 + 5 + -20 + 13.
7
What is the value of 6 + 0 + 2 + 3 + 3 + -2?
12
0 + 3 + (-5 - (4 + 5 - -1))
-12
What is 10 + (-13 - -12) + 8 + -3?
14
Evaluate -6 + (7 - (11 - 10) - (1 - 1)).
0
What is the value of -8 - -2 - (1 + -10 + 11 + 6)?
-14
What is (-13 - 2) + (-11 - (-29 - -24))?
-21
What is the value of 31 - (51 - (-9 - -34))?
5
What is -80 + (22 - -41) - (1 + 1)?
-19
What is 5 - (3 + -3 + 5)?
0
Evaluate -9 + 5 - -3 - 3.
-4
What is the value of 13 + (-3 - (-10 + 0)) + 1 + 1?
22
(7 + 3 - 0) + (1 + 11 - 9)
13
Evaluate (5 - 0) + -32 + 44 + 0.
17
Calculate (11 - -2) + -13 + -3 + (2 - 1).
-2
Calculate -13 + 1 - (277 - 288).
-1
Calculate (-6 - 21) + -2 + 6 - (-23 - -17).
-17
What is the value of (3 - (-5 - 3)) + (-13 - 9 - -21)?
10
What is the value of -4 + 9 + -9 + (18 - 4) - 7?
3
What is -11 + 18 + 8 + -17?
-2
What is the value of 21 + (-44 - -14) - 1?
-10
(-2 - (-2 - (-8 + 3))) + 18
13
What is the value of (-23 - -26) + 7 + (3 - 6) + 7?
14
Evaluate 29 - ((22 - -28) + -12).
-9
What is the value of 114 + -99 - ((-2 - 0) + -7)?
24
5 + 13 + -16 + 6 + -4
4
What is 0 + (1 - 2) + 94 + -50 + -36?
7
8 - 28 - (-6 - (5 - (1 + 4)))
-14
(3 - 4) + -17 + 16 + -10
-12
Evaluate 7 - (40 - 16) - -5.
-12
What is -28 + 20 + 3 + -12 + 10 + -5?
-12
Evaluate 3 - 0 - (16 - 13) - -3 - -1.
4
What is (1 - 3) + (-17 - (-5 + 4 + -3))?
-15
Wha